, 14 = -3*a + 4*t - 3*t. Determine y(a).
2
Let b(g) = 3*g**3 + 2*g**2 + 3*g + 6. Let a(y) = 4*y**3 + 3*y**2 + 2*y + 6. Let j(n) = 4*a(n) - 5*b(n). Give j(-4).
-10
Let b(f) = 2*f**2 - 2*f + 1. Let y(a) = -a**2 - 4*a + 5. Let q be y(-4). Suppose 0 = 2*c - q*k + 13, 2*k + k - 15 = 3*c. Let h = c + 6. Calculate b(h).
5
Let c(l) = -l + 3. Suppose -6 = 2*d + 6. Let z = 11 + d. Determine c(z).
-2
Let y(n) = 2*n - 5. Suppose x + i = 4*x - 11, -2*i - 10 = 0. Let t be (-24)/(-3) - 2*x. What is y(t)?
3
Let f(t) be the first derivative of t**2 - 3*t - 1. What is f(4)?
5
Let s(b) = -9*b**2 - b + 1. Suppose -9*q + 10 = q. What is s(q)?
-9
Let b(g) = g**3 - 3*g**2 - 6*g + 5. Suppose -h = j - 3*j, 0 = h + 4*j. Suppose -12 = -3*x - 2*u, -2*x + u - 6 + 14 = h. Determine b(x).
-3
Let y(g) = -4*g + 1. Let u = 7 + -2. Let l = 3 - u. Give y(l).
9
Let z = 9 + -3. Let h(d) = 5*d - z*d - 3 + 1 + 4. Let x be h(0). Let l(r) = -r**2 + 2*r. Determine l(x).
0
Let u be 1 + 1 + 1 + -3. Let q(n) = -n - n**2 + 12 + 3*n**3 - 4*n**3 + 0*n**3. Give q(u).
12
Let h be (-544)/(-144) + 2/9. Let q(m) be the third derivative of 0*m + 0 + 1/6*m**3 + 1/24*m**h + 2*m**2. Calculate q(1).
2
Let o(u) = -u**2 + 2. Let a(y) = 2*y. Let v be 3/(-9) + (-13)/(-3). Suppose 4*m - l = -3*l + v, l - 4 = 0. Let t be a(m). Give o(t).
-2
Let h(l) be the third derivative of -l**5/60 - l**4/24 + 4*l**2. Let p(r) = -6*r**2 - 12*r + 3. Let z(g) = 5*h(g) - p(g). Determine z(-7).
-3
Let y(s) = s**2 + 6*s - 2. Let u be (1*-2)/(10/25). Let g be (-2)/(-4)*(1 - u). Suppose 4*l + g = 4*j - 1, 4*l + 3*j + 32 = 0. What is y(l)?
-7
Let x(v) = -v**3 - 7*v**2 + 7*v - 6. Let k be x(-8). Suppose 0 = 4*m - 6 - 6. Suppose -m*p = k*p. Let u(a) = -a**2 + a - 7. Give u(p).
-7
Suppose 5*u - c + 30 = 0, -4*u - 3*c + 2*c - 15 = 0. Let o(x) be the third derivative of -x**4/12 - x**3 - x**2. Determine o(u).
4
Let b(x) = -x**2 + 5*x - 2. Suppose 0 = 3*l + 3*v - 3, -5*l + 2*l + 2*v = -13. Determine b(l).
4
Let i(y) = -5*y**2 + 15*y - 11. Let p(u) = -11*u**2 + 32*u - 23. Let w(k) = 13*i(k) - 6*p(k). What is w(-6)?
13
Let f(n) = -2*n**2 + 0*n**2 - 2*n + n**3 - 11*n**3 + 9*n**3. Determine f(-3).
15
Let w = -48 - -43. Let m(h) = -2*h - 5. What is m(w)?
5
Let l be (-3)/6*-2*-3. Let j = -3 - l. Let s(v) = -4 - 2*v - 5*v**2 + j + 5. Determine s(1).
-6
Let i(x) = x**2 + 2*x - 5. Let u be i(-5). Suppose 0 = -2*g + u + 8. Let r(h) = -2 - h - h + g. Calculate r(5).
-3
Suppose 5*h + 0*h + 10 = 0. Let r(u) = 2*u**2 - 2*u - 2. Give r(h).
10
Let d(f) = -4*f + 8. Let x(o) = 4*o - 7. Let p(u) = -6*d(u) - 7*x(u). What is p(5)?
-19
Let n = 14 - 0. Let y = n + -13. Let j(v) = -9*v**2. Determine j(y).
-9
Suppose -2*a - 2 = -3*a. Let z(y) = y**2 + 2*y**2 + y**2 - 2 - 4*y - y**3 - 6*y**a. What is z(-2)?
6
Suppose 3 = -8*n + 27. Let c(p) = -2*p**2 + 2*p. Determine c(n).
-12
Let h be ((-6)/12)/((-1)/2). Let p(z) = -4*z**2 + 1. Determine p(h).
-3
Let x(q) = 3 - q - 4 - 6*q**2 + 12*q**2. Determine x(-1).
6
Let q(n) = -n**2 + 5*n + 3. Let z = -41 - -46. Give q(z).
3
Let c(o) = 3*o - 3. Suppose 0 = 3*b + z - 9, -z = b - 2*z - 7. Let s be (b - 1) + (-7)/1. What is c(s)?
-15
Let i(t) be the first derivative of -t**2/2 - 6*t + 12. What is i(0)?
-6
Let g(c) be the first derivative of -c**4/6 - c**3/6 + c**2/2 + c - 1. Let s(i) be the first derivative of g(i). Let j be (-10)/(-6) + 6/(-9). Determine s(j).
-2
Let k(z) be the second derivative of -z**3/2 - 3*z**2/2 - 22*z + 1. Suppose -2*f - 11 = -3. What is k(f)?
9
Let p(i) = i**3 - 2*i**2 - i - 1. Let u(j) = j**3 - 5*j**2 + 1. Let r be u(5). Suppose m - 3 = -r. Determine p(m).
-3
Let o(c) = 3*c - 3. Let a(y) = y**2 - 4*y - 7. Let v be a(6). Let s = -31 - -33. Let t = v - s. Determine o(t).
6
Let u(t) = 0*t - 11 + 3*t + t - t. Determine u(5).
4
Let q(k) = -4*k - 2. Let d(r) = -9*r + 16. Let t be d(2). Calculate q(t).
6
Let m = 64 - 44. Suppose d + 4*d = m. Suppose -w + d = -3*w - 2*j, 3*w - 3*j + 6 = 0. Let b(g) = 3*g + 1. What is b(w)?
-5
Let f(y) = 9*y - 8. Let a(w) = 6*w - 6. Let d(i) = -8*a(i) + 5*f(i). Determine d(6).
-10
Let m(w) = w + 8. Let s be (-21)/(-2) + (-2)/(-4). Let r = s + -15. Give m(r).
4
Let o = 14 + -14. Let w(v) = -6*v**2 + v - 6. Let i(p) = -5*p**2 + p - 5. Let z(f) = -5*i(f) + 4*w(f). Calculate z(o).
1
Let j(b) = -3*b**2 - b. Suppose 5*f - 8 - 8 = -2*u, -4*u + 2*f - 16 = 0. Suppose -4*h - t = -0 - 3, 11 = -2*h - 3*t. Let m be 2/h + u + 2. Give j(m).
-4
Let u(h) = -2*h + 1. Suppose -t = 2 - 11. Let p = t + -8. Calculate u(p).
-1
Suppose 4*z + 5*v + 0*v = -12, -4*v - 6 = 2*z. Let r(g) = -6*g - 4. What is r(z)?
14
Suppose 0*q = -5*f - 2*q - 36, -20 = 2*f - 2*q. Let a = f + 6. Let z(d) = d**2. Calculate z(a).
4
Let m(g) = g**3 - 3*g - 4*g**2 - 5*g + 5*g + 2. Give m(4).
-10
Let s(y) = -20*y**3 - 12*y**2 + y + 12. Let k(m) = -7*m**3 - 4*m**2 + 4. Let t(i) = -17*k(i) + 6*s(i). Let c(q) = q**2 + 5*q - 5. Let d be c(-5). Give t(d).
-1
Let y(d) = -6 + 4*d**2 - 2 + 47*d + d**3 - 50*d. Let f be y(-4). Let g(p) = -2*p + 4. Give g(f).
-4
Let g(b) = -b**2 + 0*b**2 + 0*b**2 - 21*b + 18*b - 4. What is g(-4)?
-8
Suppose -3*y = -2*h - 0*y + 15, 28 = 5*h + 2*y. Let k(x) = 2*x + 3 - 5*x + 4*x. What is k(h)?
9
Let h(i) = -7 + 3 - 6*i + 7*i. What is h(6)?
2
Let d(y) = -y + 6. Suppose 31 = 3*r + 4. Let o = 15 - r. What is d(o)?
0
Let l(b) = -2*b - 4. Let y be l(0). Let d be -1 + -1 - y - 2. Let s(w) = w + 1. Calculate s(d).
1
Let d(p) = p - 14. Suppose 2*w - 16 - 14 = 0. Suppose -12 = -3*i + w. Let f be d(i). Let s(k) = -k**3 - 6*k**2 - 6*k + 3. What is s(f)?
8
Let f(l) = -7*l + 5. Let k(s) = 8*s - 6. Let z(h) = -7*f(h) - 6*k(h). Determine z(1).
2
Let b = -11 - -4. Let h = -4 - b. Let a(n) = -1 - 3 + 1 - 2*n. Determine a(h).
-9
Let o = 20 - 16. Let t(f) = -10*f + 3*f - o*f**2 + 10*f - 4 + f**3. Give t(3).
-4
Let u be ((-12)/((-6)/(-1)))/(1/(-1)). Let i(w) be the first derivative of -w**4/2 + w**3/3 + 2*w**2 - 3*w + 1. What is i(u)?
-7
Let f(a) be the second derivative of -1/6*a**3 - 2*a**2 + 0 + 2*a. Calculate f(-4).
0
Let r(c) = -c - 5. Let i(o) = o - 9. Let x be i(5). Let v(l) = -l**3 - 4*l**2 - l. Let m be v(x). Determine r(m).
-9
Suppose -s + 5 = d - 0*s, s = 2. Let b(r) be the third derivative of -5/24*r**4 + 0*r + 0 - r**d + r**2 - 1/120*r**6 + 1/10*r**5. Give b(5).
-6
Let a(b) = 2*b**2 + 6*b. Let n(y) = -2*y**2 - 5*y. Let m(r) = -4*a(r) - 5*n(r). Give m(3).
21
Let a(p) = -p**2 + p + 5. Let r = 16 - 16. Determine a(r).
5
Suppose -3*q + 5*z = -8*q + 20, 2*q - 3*z - 23 = 0. Let i(t) = -t**3 + 6*t**2 + 7*t + 4. Give i(q).
4
Let f = 12 - 9. Suppose u = 2*i - 5, -f*i - 5*u = -12 - 28. Let y(o) = -o**2 + 6*o - 6. Determine y(i).
-1
Let q = 5 + -3. Let i(n) = -n - 4*n**q + 1 - 3*n + 3*n**2. What is i(-5)?
-4
Let l(k) = k**2 + 11*k + 18. Let x be l(-9). Let u(j) = j**2 - j + 3. Calculate u(x).
3
Let y(g) = 4*g + 1. Let j = -94 + 95. Calculate y(j).
5
Suppose 10 = 4*o - 10. Let n(d) = -4 + 2*d + o - 1. What is n(1)?
2
Let l = 19 - 6. Let k(t) = -t**2 + 2*t + 8. Let s be k(0). Let n = s - l. Let u(w) = -w**2 - 6*w - 3. Calculate u(n).
2
Let w(g) = 41*g**2 + 7*g + 10. Let v(x) = 27*x**2 + 5*x + 7. Let j(l) = -7*v(l) + 5*w(l). Give j(-1).
17
Suppose -3*g = 3*k - 18, -k - g + 30 = 4*k. Let y(m) be the second derivative of m**3/6 + 3*m**2/2 + m. Give y(k).
9
Let y(f) = 5 + 0 + f**2 + 0*f**2 - 5*f. Let v = 2 - 1. Suppose 11 + v = 3*z. Determine y(z).
1
Let h(y) = y**3 + y**2. Let k(a) = 7*a**3 + a**2 - 1. Let s(n) = 6*h(n) - k(n). Let t be (-2)/(-10) - (-528)/110. Give s(t).
1
Let u(k) = 16*k + 1 + k**2 - 8*k - 6*k - 7*k. Suppose 5*o - 4 = 4*o. Give u(o).
-3
Let u(t) = t**3 + t**2 - t + 1. Let j(v) = -7*v**3 - 12*v**2 + 2*v - 13. Let a(b) = -j(b) - 6*u(b). Calculate a(-5).
12
Let j(r) = 7*r**2 + 5*r - 5. Let c(l) = -3*l**2 - 3*l + 3. Let a(d) = -5*c(d) - 2*j(d). Let z be (-1)/(1/12*2). What is a(z)?
1
Let k = -12 - -8. Let o be -2*1/k*-10. Let p(b) = b - 3. Calculate p(o).
-8
Let a(o) = -o**2 - o - 2. Let n be a(0). Let l = n - 0. Let v(m) = m**3 + 3*m**2 + m - 2. What is v(l)?
0
Let i(q) be the first derivative of -2*q**2 + q + 1. Suppose 4*f + w + 46 = -f, 5*f + 3*w = -48. Let k = f + 8. What is i(k)?
5
Let s(a) = -10 + 0*a - a + 12. Determine s(6).
-4
Let m(c) be the first derivative of -c**2/2 + 3*c - 1. Let t be m(0).